ded by 7?
6
Suppose 2*d - 3*m - 133 = 0, 4*d + 0*d = 4*m + 256. What is the remainder when d is divided by 15?
14
Suppose -y - 64 = -2*b - 0*y, 2*b - 2*y - 66 = 0. What is the remainder when 122 is divided by b?
29
Let w = 68 - 66. What is the remainder when 9 is divided by w?
1
Let y be ((-2)/(-4))/(1/(-2)). Let c(j) = 4*j**2 - 2*j - 1. What is the remainder when c(y) is divided by 4?
1
Let r = 103 + -58. Suppose -r + 0 = -5*q. Calculate the remainder when 16 is divided by q.
7
Let j(r) be the third derivative of -r**6/120 - r**5/30 + r**4/24 - r**3/3 - 3*r**2. Suppose 3*m - 3 = 3. What is the remainder when j(-3) is divided by m?
0
Suppose 271 - 54 = 7*f. What is the remainder when f is divided by 12?
7
Let v(u) = -u**3 - 4*u**2 + 4*u + 4. Suppose -2*p + 13 - 1 = 0. What is the remainder when ((-6)/4)/(p/(-104)) is divided by v(-5)?
8
Let q(t) = -10*t - 1. What is the remainder when q(-5) is divided by 17?
15
Let h(c) = -8*c - 14. What is the remainder when h(-19) is divided by 48?
42
Let r = 18 + -14. What is the remainder when r is divided by ((-3)/(-4))/((-1)/(-4))?
1
Let j(o) = o + 6. Let r(d) = 2*d + 5. Let w(q) = 3*j(q) - 2*r(q). What is the remainder when w(0) is divided by 3?
2
Suppose -j + 1 = -4*y - 0*y, 105 = 5*j + 5*y. Let k be (2 - 1)/(2/(-32)). Let n = -10 - k. What is the remainder when j is divided by n?
5
Let u = -6 - 19. Let d be (20/u)/((-4)/30). Let l = -2 + d. Calculate the remainder when 10 is divided by l.
2
Let p be (93/(-12) - 0)*-8. Let a = 8 - -2. What is the remainder when a is divided by p/10 + 3/(-15)?
4
Let x(z) = -z**3 - 7*z**2 - 4*z - 5. Calculate the remainder when x(-7) is divided by 12.
11
Let p(r) = 2*r + 47. Let a be p(0). Suppose -q + 10 = -0*q + v, -a = -4*q + 3*v. Let o(j) = 15*j + 1. Calculate the remainder when o(2) is divided by q.
9
Suppose -2*q + 3 = -5. Let t be 3*3/9 + q. Suppose -t*y + 220 = -0*y. Calculate the remainder when y is divided by 15.
14
Calculate the remainder when -24*(-5)/((-75)/(-40)) is divided by 13.
12
Suppose -2*v - 5*b = -19, 1 + 1 = -2*b. What is the remainder when v is divided by 7?
5
Let w = 6 + 10. Suppose 0*l - l + 30 = 0. What is the remainder when l is divided by w?
14
Let f = 4 - -1. Suppose j - f = -0*j. What is the remainder when 8 is divided by j?
3
Let g = 46 + -18. Suppose 2*s + 5*r - 193 = 0, 278 = 2*s + 2*r + 70. What is the remainder when s is divided by g?
25
Let o(s) = s**2 + 3*s + 8. Let t(a) = -a**3 - 4*a**2 - a. Let u be t(-3). Suppose 3*w = -2*w + 70. Calculate the remainder when o(u) is divided by w.
12
What is the remainder when (-26)/39 - (-16)/6 is divided by 2?
0
Let g(r) = -r**2 + 9*r - 4. Let o(j) = -7*j**3 - 2*j - 1. Let i be o(-1). What is the remainder when 7 is divided by g(i)?
3
Let z = 210 + 42. Let o = 61 + -39. Calculate the remainder when o is divided by z/30 + 2/(-5).
6
Let q be (-1)/(-2*3/42). Suppose z - q + 1 = 0. What is the remainder when z is divided by 5?
1
Suppose -w = w - 14. Suppose 6*c - 2*c = 4*h + 4, 0 = c + 3*h - 17. Suppose 2 = -j - 3*n, 2*j + 6*n = c*n + 21. What is the remainder when j is divided by w?
6
Let b(a) = -a + 2. Let f be b(2). Suppose 183 = 3*m + 4*n - f*n, 0 = -2*m + 3*n + 139. What is the remainder when m is divided by 22?
21
Let w = -35 - -101. Suppose 27 = 3*q - w. What is the remainder when 61 is divided by q?
30
Let v = -16 + 20. Suppose -v*f + 32 = -0*l + l, 85 = 5*l + 5*f. Calculate the remainder when 21 is divided by l.
9
Suppose -3*n + 162 + 17 = 2*j, -n = 4*j - 43. Calculate the remainder when n is divided by 11.
8
Suppose -4*d + 82 = -2. Suppose d = 2*x - 5. What is the remainder when 23 is divided by x?
10
Let m(u) = 3*u - 4. Calculate the remainder when 37 is divided by m(8).
17
Suppose -p - 4 = 0, -4*g + 3*p = 6*p - 32. What is the remainder when 20 is divided by g?
9
Let x = 2 - 0. Suppose -x*n + 6*n - 32 = 0. What is the remainder when 23 is divided by n?
7
Suppose 56 = -2*b - 2*b. Let u = -8 - b. What is the remainder when 28 is divided by u/(-3) - 24/(-2)?
8
Let x(m) = 8*m - 16. Let t(i) = 20*i + 1. Calculate the remainder when t(3) is divided by x(4).
13
Let q be 17*5*16/(-40). Calculate the remainder when 17 is divided by (-3)/(-9) - q/6.
5
Suppose a = 3*c - 8, 2*c = 7*c + a - 8. Suppose 3*g = -c*g - 55. Let v(q) = q**3 + 12*q**2 + 10*q - 7. Calculate the remainder when v(g) is divided by 2.
0
Suppose 2*w - 6*w + 12 = 0. Suppose w*z - 52 = -z. What is the remainder when z is divided by 5?
3
Let g be 4/(-18) - 11/(-9). Let r(s) = 13*s**2 + 2*s - 1. Calculate the remainder when 41 + -2 + g + 1 is divided by r(1).
13
Suppose -4 = b - 3*b. Let d be b - (50 - 0)/2. Let h = -12 - d. What is the remainder when 21 is divided by h?
10
Let x = 87 + -35. Let n = 1 - -4. Suppose i = 3*h + x, -n*i = -6*i - 4*h + 31. What is the remainder when i is divided by 15?
13
Let j = 24 - -148. What is the remainder when j is divided by 35?
32
Calculate the remainder when 48 is divided by (-172)/(-10) - 11/55.
14
Let p = 3 - 6. Let r(l) = -l**3 - l**2 + l - 2. Calculate the remainder when 64 is divided by r(p).
12
Let q(u) = -5*u - 7. Let d = -1 + 52. Calculate the remainder when d is divided by q(-4).
12
What is the remainder when (9 - -2)/((-2)/(-4)) is divided by (-20)/3*(-6)/5?
6
Let h = -78 - -79. Suppose o = 4*u - 9*u, 0 = 5*u + 2*o + 5. Calculate the remainder when u is divided by h.
0
Suppose 0 = 5*i + 4*b + b - 45, 2*i - 2*b + 2 = 0. Let h(m) = 9*m - 1. Calculate the remainder when h(i) is divided by ((-6)/1)/(-1)*2.
11
Suppose i - 24 = 12. What is the remainder when 106 is divided by i?
34
Let w be (-52)/7 - (-44)/(-77). Calculate the remainder when 11 + (-4 - w - 2) is divided by 5.
3
Let k(h) = 2*h**2 + h - 3. Calculate the remainder when k(-4) is divided by 14.
11
Calculate the remainder when 16 is divided by 74/8 - 16/64.
7
Suppose -3*i + 7*i - 52 = 0. Suppose 3*q + 240 = 4*o, -4*o + 132 = -5*q - 100. Calculate the remainder when o is divided by i.
11
Let s(f) = -f**3 + 5*f**2 + 8*f - 7. Let d be 258/(-2)*(-2)/(-6). Let a = d + 60. Calculate the remainder when s(5) is divided by a.
16
Calculate the remainder when (2 - 5) + 157 - 3 is divided by 11.
8
Suppose -20 = -0*t - 5*t. Suppose 2*w = -2*r + r + 20, 3*r + w - 35 = 0. Calculate the remainder when r is divided by t.
2
Suppose n + 0 = -5. Let v(j) = j**3 + 5*j**2 - j + 2. Let a = 11 - -9. Calculate the remainder when a is divided by v(n).
6
Suppose 0 = 5*s + 5 - 30. Suppose 2*h - 29 = 3*i, -h = 2*h - s*i - 45. Calculate the remainder when h is divided by (-16)/(-3) + (-4)/(-6).
4
Let l(s) = s**2 - 5*s - 4. Let q(c) = c**3 + 24*c**2 - 56*c - 47. Calculate the remainder when q(-26) is divided by l(-3).
17
Suppose 0 = b + 5*p - 51, b + p - 109 = -3*b. Let f = 76 - 62. What is the remainder when b is divided by f?
12
Let o = 58 + 22. Suppose -t + 11 = -16. What is the remainder when o is divided by t?
26
Let r = 28 - 52. Let v be r/(-14)*812/(-8). What is the remainder when ((-1)/(-3))/((-1)/v) is divided by 15?
13
Suppose 0 = 4*h - h - 33. Let o = 97 - h. Suppose o = 3*s + d, 2*s - 4*d + 47 = 3*s. Calculate the remainder when s is divided by 14.
13
Suppose 0*n = -n - 11. Let h = 1 - -1. Let r = h - n. Calculate the remainder when 24 is divided by r.
11
Suppose 83 = 5*a + 6*s - 5*s, 5*a = -3*s + 79. Calculate the remainder when 63 is divided by a.
12
Let u(d) = 1 + 1 - d**3 - d + d**2 - 2 - 4. What is the remainder when u(-3) is divided by (-12)/(-66) + (-97)/(-11)?
8
Let q(l) = -4*l + 3*l + 1 - 3. Let m be q(-6). Suppose m*p + 18 = 5*t - 8, t - 14 = 3*p. Calculate the remainder when 2 is divided by t.
0
Let j(r) = -r**3 - 5*r**2 + 3*r + 3. Let w(c) = -c**2 + 4*c - 3. Let m be w(11). Let z be (-12)/42 + m/14. Calculate the remainder when j(z) is divided by 11.
10
Let c be 39/12 + 6/8. Calculate the remainder when 2610/81 + c/(-18) is divided by 11.
10
Suppose -76 = -4*r + n + 4*n, -3*r + 26 = 4*n. Suppose 0 = -m + r - 0. Let w = 10 + -5. What is the remainder when m is divided by w?
4
Suppose -2*f = -0*f - 4. Suppose -4*j = -d - 4*d + 19, 0 = -d + f*j + 5. Suppose 4 = -17*t + 18*t. What is the remainder when t is divided by d?
1
What is the remainder when (-3 - -22) + -3 + (4 - -2) is divided by 5?
2
Let f = 11 + -8. Let t = 15 - f. Suppose -3*